ctors of 38867?
38867
List the prime factors of 58598.
2, 83, 353
What are the prime factors of 8512?
2, 7, 19
What are the prime factors of 1611?
3, 179
What are the prime factors of 600?
2, 3, 5
List the prime factors of 579.
3, 193
List the prime factors of 33408.
2, 3, 29
List the prime factors of 11345.
5, 2269
List the prime factors of 39366.
2, 3
List the prime factors of 780.
2, 3, 5, 13
List the prime factors of 1593.
3, 59
List the prime factors of 2774.
2, 19, 73
List the prime factors of 88657.
88657
List the prime factors of 44592.
2, 3, 929
What are the prime factors of 8238?
2, 3, 1373
List the prime factors of 21751.
21751
What are the prime factors of 38184?
2, 3, 37, 43
What are the prime factors of 2321?
11, 211
What are the prime factors of 2369?
23, 103
What are the prime factors of 183849?
3, 61283
What are the prime factors of 33249?
3, 11083
List the prime factors of 8988.
2, 3, 7, 107
What are the prime factors of 3600?
2, 3, 5
List the prime factors of 26375.
5, 211
List the prime factors of 31892.
2, 7, 17, 67
What are the prime factors of 85?
5, 17
List the prime factors of 1806.
2, 3, 7, 43
What are the prime factors of 1230?
2, 3, 5, 41
What are the prime factors of 61323?
3, 20441
What are the prime factors of 4862?
2, 11, 13, 17
List the prime factors of 9304.
2, 1163
List the prime factors of 181543.
17, 59, 181
What are the prime factors of 146?
2, 73
List the prime factors of 1148.
2, 7, 41
List the prime factors of 4024.
2, 503
List the prime factors of 27539.
27539
List the prime factors of 1568.
2, 7
What are the prime factors of 3928?
2, 491
List the prime factors of 14006.
2, 47, 149
List the prime factors of 99332.
2, 19, 1307
List the prime factors of 3104.
2, 97
List the prime factors of 14831.
14831
List the prime factors of 601.
601
List the prime factors of 1298.
2, 11, 59
What are the prime factors of 14379?
3, 4793
What are the prime factors of 1328?
2, 83
List the prime factors of 1222.
2, 13, 47
List the prime factors of 6993.
3, 7, 37
List the prime factors of 11584.
2, 181
List the prime factors of 1303.
1303
What are the prime factors of 55660?
2, 5, 11, 23
What are the prime factors of 8098?
2, 4049
List the prime factors of 226.
2, 113
List the prime factors of 17701.
31, 571
What are the prime factors of 55512?
2, 3, 257
List the prime factors of 7828.
2, 19, 103
List the prime factors of 4208.
2, 263
What are the prime factors of 5515?
5, 1103
List the prime factors of 2556.
2, 3, 71
List the prime factors of 2700.
2, 3, 5
What are the prime factors of 90529?
90529
What are the prime factors of 3533?
3533
What are the prime factors of 951?
3, 317
What are the prime factors of 2032?
2, 127
What are the prime factors of 449?
449
What are the prime factors of 4717?
53, 89
What are the prime factors of 2195?
5, 439
List the prime factors of 2644.
2, 661
List the prime factors of 622.
2, 311
What are the prime factors of 18674?
2, 9337
What are the prime factors of 177?
3, 59
List the prime factors of 25299.
3, 937
List the prime factors of 42344.
2, 67, 79
What are the prime factors of 3104?
2, 97
What are the prime factors of 2225?
5, 89
List the prime factors of 31943.
17, 1879
What are the prime factors of 450?
2, 3, 5
What are the prime factors of 3307?
3307
List the prime factors of 22320.
2, 3, 5, 31
What are the prime factors of 3384?
2, 3, 47
List the prime factors of 47716.
2, 79, 151
What are the prime factors of 1633?
23, 71
List the prime factors of 61404.
2, 3, 7, 17, 43
What are the prime factors of 138364?
2, 34591
List the prime factors of 63241.
63241
List the prime factors of 163.
163
What are the prime factors of 1185?
3, 5, 79
List the prime factors of 9213.
3, 37, 83
List the prime factors of 52572.
2, 3, 13, 337
List the prime factors of 3917.
3917
What are the prime factors of 151?
151
List the prime factors of 3640.
2, 5, 7, 13
List the prime factors of 2690.
2, 5, 269
What are the prime factors of 45580?
2, 5, 43, 53
List the prime factors of 42695.
5, 8539
List the prime factors of 176461.
176461
What are the prime factors of 9685?
5, 13, 149
List the prime factors of 2363.
17, 139
What are the prime factors of 19251?
3, 23, 31
What are the prime factors of 2055?
3, 5, 137
List the prime factors of 91246.
2, 43, 1061
List the prime factors of 5959.
59, 101
List the prime factors of 21408.
2, 3, 223
List the prime factors of 809.
809
List the prime factors of 25345.
5, 37, 137
List the prime factors of 1262.
2, 631
List the prime factors of 345.
3, 5, 23
List the prime factors of 1100.
2, 5, 11
List the prime factors of 667.
23, 29
What are the prime factors of 579?
3, 193
List the prime factors of 5308.
2, 1327
What are the prime factors of 88927?
17, 5231
What are the prime factors of 855?
3, 5, 19
What are the prime factors of 682?
2, 11, 31
What are the prime factors of 2081?
2081
What are the prime factors of 661?
661
What are the prime factors of 4706?
2, 13, 181
List the prime factors of 3678.
2, 3, 613
List the prime factors of 1973.
1973
List the prime factors of 730.
2, 5, 73
What are the prime factors of 51844?
2, 13, 997
What are the prime factors of 8039?
8039
List the prime factors of 53770.
2, 5, 19, 283
What are the prime factors of 3150?
2, 3, 5, 7
List the prime factors of 787.
787
List the prime factors of 198.
2, 3, 11
What are the prime factors of 125710?
2, 5, 13, 967
List the prime factors of 1471.
1471
What are the prime factors of 1735?
5, 347
List the prime factors of 325.
5, 13
What are the prime factors of 8809?
23, 383
What are the prime factors of 8092?
2, 7, 17
List the prime factors of 32306.
2, 29, 557
What are the prime factors of 62?
2, 31
List the prime factors of 21895.
5, 29, 151
What are the prime factors of 7376?
2, 461
List the prime factors of 1180.
2, 5, 59
List the prime factors of 17527.
17, 1031
What are the prime factors of 82?
2, 41
What are the prime factors of 10?
2, 5
What are the prime factors of 2132?
2, 13, 41
What are the prime factors of 80036?
2, 11, 17, 107
List the prime factors of 38943.
3, 4327
List the prime factors of 43373.
11, 3943
List the prime factors of 36870.
2, 3, 5, 1229
What are the prime factors of 54341?
7, 1109
What are the prime factors of 111131?
19, 5849
What are the prime factors of 4619?
31, 149
List the prime factors of 8204.
2, 7, 293
What are the prime factors of 5267?
23, 229
List the prime factors of 4257.
3, 11, 43
What are the prime factors of 10496?
2, 41
List the prime factors of 605.
5, 11
What are the prime factors of 75971?
7, 10853
List the prime factors of 51740.
2, 5, 13, 199
What are the prime factors of 4378?
2, 11, 199
What are the prime factors of 7920?
2, 3, 5, 11
What are the prime factors of 798?
2, 3, 7, 19
What are the prime factors of 5750?
2, 5, 23
List the prime factors of 15052.
2, 53, 71
List the prime factors of 204.
2, 3, 17
What are the prime factors of 1074?
2, 3, 179
List the prime factors of 3432.
2, 3, 11, 13
What are the prime factors of 435?
3, 5, 29
List the prime factors of 8338.
2, 11, 379
What are the prime factors of 2176?
2, 17
What are the prime factors of 7061?
23, 307
List the prime factors of 131.
131
List the prime factors of 3759.
3, 7, 179
What are the prime factors of 927?
3, 103
What are the prime factors of 5654?
2, 11, 257
List the prime factors of 38739.
3, 37, 349
List the prime factors of 60009.
3, 83, 241
What are the prime factors of 939?
3, 313
What are the prime factors of 6368?
2, 199
List the prime factors of 31350.
2, 3, 5, 11, 19
List the prime factors of 6338.
2, 3169
List the prime factors of 7972.
2, 1993
List the prime factors of 81417.
3, 7, 3877
What are the prime factors of 50155?
5, 7, 1433
List the prime factors of 89123.
89123
List the prime factors of 23006.
2, 11503
List the prime factors of 907.
907
List the prime factors of 199707.
3, 66569
List the prime factors of 25631.
19, 71
List the prime factors of 2237.
2237
What are the prime factors of 18415?
5, 29, 127
What are the prime factors of 22286?
2, 11, 1013
List the prime factors of 30177.
3, 7, 479
What are the prime factors of 923?
13, 71
What are the prime factors of 4876?
2, 23, 53
List the prime factors of 76543.
76543
List the prime factors of 